b + 240, 2*s + s = b + 248. What is the highest common divisor of s and 12?
12
Suppose 11 - 1 = 5*f. Suppose -f*n + 6 - 76 = 0. Let t = -21 - n. Calculate the greatest common divisor of 126 and t.
14
Suppose -4*s - 5*w = -33, -2*s - 4*w = w - 29. Let k = 2 - s. Suppose k = -4*i - i + 360. Calculate the highest common factor of 8 and i.
8
Suppose -4*d + 195 = -81. Calculate the greatest common divisor of 46 and d.
23
Let i be (-3 + 4)*0/2. Suppose i*q - 2*q + 112 = 0. Let k(h) = h**3 + h**2 + 7. Let z be k(0). Calculate the highest common divisor of q and z.
7
Let y(l) = -15*l. Let f be y(-1). Suppose 0 = -s + f + 12. Calculate the greatest common divisor of 9 and s.
9
Let y(c) = -c**3 - 7*c**2 - 2*c + 7. Let o be y(-5). Let r be 6/o - (-204)/33. Let p = r + 2. What is the greatest common divisor of 56 and p?
8
Suppose -5*a + 6*a - 30 = 0. Calculate the greatest common factor of 10 and a.
10
Let z be 2 - -2*45/3. Suppose 2*d - z = 28. What is the greatest common factor of 12 and d?
6
Suppose -2*m - 2*m + 224 = 2*w, 5*w - 3*m - 495 = 0. What is the greatest common divisor of w and 17?
17
Let p = 351 + 456. Suppose 0 = 2*n + 4*x - 416, -4*n - 5*x + p = -2*x. Calculate the highest common divisor of n and 18.
18
Suppose 0 = -5*b - o + 29, -27*b + 25*b - o = -14. Let a be 2 - 1 - (-1 - 38). What is the highest common factor of b and a?
5
Let k = -128 + 130. What is the highest common factor of 8 and k?
2
Suppose 0*t - 60 = -10*t. Calculate the greatest common factor of t and 24.
6
Let k = -3 - -13. Suppose -5*f = -j + 26, k - 28 = -3*j - 5*f. Calculate the highest common divisor of j and 121.
11
Let l(y) = -y**2 + 17*y + 47. Let t be l(19). Calculate the highest common divisor of 3 and t.
3
Let q(j) = -j + 8. Let i be q(6). Suppose 2*d = -5*t + 81, 0 = 3*t + i*t - 5*d - 95. Calculate the highest common factor of 17 and t.
17
Suppose -212 = -2*w + 5*l, 5 = 2*l - 3. What is the highest common factor of w and 4?
4
Suppose 0 = 2*b - 2, 3*b - 580 = -5*a + 848. What is the highest common factor of 15 and a?
15
Suppose 2*j = -a + 194, 403 = 5*a - 3*j - 528. Suppose 0 = 5*h + 4*g - a, -2*g - g + 6 = 0. What is the highest common factor of 12 and h?
12
Suppose t + 7 + 12 = 0. Let w = 37 + t. Calculate the highest common divisor of 45 and w.
9
Suppose -c + 121 = 5*p, -9*p + 4*c = -6*p - 68. Calculate the greatest common divisor of p and 216.
24
Let j = 182 + -61. Calculate the greatest common divisor of j and 11.
11
Let w be (-9)/(-6)*(-4)/3. Let r be (3/4)/(w/(-8)). Suppose 5*v + r = 2*q + 68, 0 = 5*q. What is the highest common divisor of 52 and v?
13
Suppose -w - 3*d + 30 = -2*d, 4*d = 16. What is the highest common divisor of w and 65?
13
Suppose -49*f + 54*f - 900 = 0. Let c(z) = -3*z**3 - 2*z**2 - z + 2. Let n be c(-2). Calculate the greatest common divisor of f and n.
20
Suppose -2*i + 36 = 12. Suppose -4*w + 4*v = -32, -4*w + 9 = -3*w - 2*v. Let l = i - w. What is the greatest common divisor of 15 and l?
5
Let y = 12 - 4. Let r(l) = -l**2 + 5*l + 4. Let b be r(5). Calculate the highest common divisor of b and y.
4
Let d(f) = f**2 + 6*f + 1. Let v be d(-6). What is the greatest common divisor of v and 1?
1
Suppose -7*m = -3*m. Suppose 0*p - 5*p + 810 = m. Calculate the greatest common factor of 18 and p.
18
Suppose 0 = 3*z - 71 + 11. What is the greatest common factor of z and 50?
10
Let h(l) = 2*l**2 + 2*l - 4. Let o be h(-7). Calculate the highest common divisor of 32 and o.
16
Let n be 4/(-2) - -11 - -3. Calculate the greatest common divisor of 3 and n.
3
Let l(m) = -m. Let x be l(-4). Suppose 0*v = 2*v - x. Suppose -4*a - 3*g + 339 = 0, -4*g - 80 = -3*a + v*a. What is the highest common factor of 12 and a?
12
Let a(q) = -q**2 - 18*q - 24. Let j = -3 + -13. Let w be a(j). What is the greatest common divisor of 40 and w?
8
Let j(d) = -2 - 2*d + 0*d - 3*d. Suppose w + 0*w - 2*t + 3 = 0, 0 = -4*w + t - 12. Let n be j(w). What is the greatest common factor of 104 and n?
13
Suppose 2*p = -10 + 44. What is the highest common factor of 153 and p?
17
Suppose 0 = 4*u, -5*u + 50 + 98 = 4*f. Calculate the greatest common factor of f and 407.
37
Let n = 272 + -164. Let j(y) = y**3 - 9*y**2 + 11*y - 12. Let u be j(8). What is the greatest common factor of u and n?
12
Suppose -3*x = -109 - 35. Let i = x + -3. Let v = 12 + 3. What is the highest common divisor of v and i?
15
Let l(d) = 92*d. Let j be l(1). Let h = j + -41. Suppose 3*y = y - 3*s + h, -s = 4*y - 107. Calculate the greatest common factor of 3 and y.
3
Let u = 15 - 4. Let c = 34 + u. Calculate the greatest common factor of 18 and c.
9
Suppose 3*j + 10 = 3*a + 2*j, 4*j + 26 = 5*a. Let s = 1 + 8. Suppose 50 = -4*r + s*r. Calculate the highest common factor of a and r.
2
Let o = 6 + -4. Suppose -o*f + 12 = -14. Let l(v) = 19*v + 1. Let x be l(2). What is the highest common divisor of x and f?
13
Let d be ((-2)/6)/(4/(-24)). Suppose -2*q + 40 = d*q. Suppose -40 = -3*i + 5*y + q, -3*i - y + 26 = 0. What is the greatest common factor of 100 and i?
10
Suppose -6*z + 120 = -144. Calculate the highest common factor of z and 4.
4
Suppose 2*y = 4*i + y - 21, -i - 5*y = 21. Suppose -i*p + 2*p = -20. Calculate the highest common factor of p and 10.
10
Let g be (-340)/(-4)*(-2)/(-5). Let y = g + -18. Suppose 2*r - 2*l + 360 = 4*r, 3*r + 2*l - 536 = 0. Calculate the highest common divisor of r and y.
16
Suppose 7*a = -0*a + 70. Let f(o) = -2*o - 3. Let k be f(-2). Let x be (-3)/3 + k + 20. Calculate the greatest common factor of x and a.
10
Let f = 101 - -24. Calculate the highest common factor of f and 50.
25
Let l(m) = -m**3 - 10*m**2 + 6*m + 38. Let q be l(-11). What is the greatest common factor of q and 31?
31
Let u be 3/(4 - 1) - -5. Suppose -5*n - g = -0*g - 58, -2*n - 2*g = -20. Let k be 2 + -2 - n*-4. Calculate the greatest common divisor of u and k.
6
Let w = 31 + -8. Suppose -4*q + 25 = -w. What is the highest common factor of q and 18?
6
Suppose -2*y = 3*z + 3*y - 85, -19 = -z - 4*y. What is the highest common factor of z and 5?
5
Let b(t) = -t**3 - 7*t**2 + 2. Let h be b(-7). Calculate the greatest common factor of h and 2.
2
Suppose 0 = -2*r - 1 + 27. Let q = 8 - 3. Suppose 3 - r = -q*u. What is the greatest common divisor of 2 and u?
2
Let f = -60 + 75. Calculate the greatest common divisor of 45 and f.
15
Let k(t) = t**2 + t. Let r be k(-4). What is the highest common divisor of r and 60?
12
Let v be -4 + (6 - 0) - -5. What is the highest common divisor of 14 and v?
7
Suppose 5*k + 127 = 2. Let h = k + 35. Let z = 26 + -16. Calculate the greatest common factor of z and h.
10
Suppose -2*f + 0*f = -2. Suppose -2*x - 5*r + 1 = 0, -3*x - 5 = -0*r + r. Let p be 0 - ((-4)/x)/(-2). What is the highest common factor of f and p?
1
Let d(r) = r**2 - 7*r - 9. Let v be d(11). Let u = -21 + v. Calculate the highest common divisor of u and 14.
14
Let p = 50 - 113. Let b = p - -118. Let j = 71 + -49. What is the highest common factor of b and j?
11
Suppose 0*p + 60 = -4*p. Let j = 9 + p. Let x be 27/(-6)*8/j. Calculate the greatest common factor of 2 and x.
2
Suppose 0 = 2*v - 11 - 1. Let m be 8/(-32)*24/(-2). What is the highest common factor of v and m?
3
Let n = 6 - 4. Suppose -3*d = -n + 11. Let s(x) = -4*x. Let q be s(d). Calculate the greatest common factor of 4 and q.
4
Let i(p) = 2*p**3 + 10*p**2 + 7*p + 4. Let z be i(-4). Let b be (-1 - 0) + 0 + -1. Let q be (8/6)/(b/(-108)). What is the greatest common divisor of q and z?
8
Let f be 77/2 + 3/(-6). Calculate the highest common factor of f and 19.
19
Suppose 5 = -5*c - 0. Let y be c*(-2 - 0) - -28. Suppose 0 = p - 3*p + y. What is the greatest common factor of p and 10?
5
Let c(x) = x**2 + 3*x. Let a be c(-4). Suppose a*h - 113 = -25. Let p be 0 - h/(3/(-3)). What is the greatest common factor of p and 55?
11
Let w(q) = q + 2. Let s be w(-1). Let n be 2*s*(-315)/(-18). Calculate the greatest common factor of n and 5.
5
Let j be (2 + 28/(-10))*245/(-14). What is the greatest common divisor of 21 and j?
7
Suppose 3 = 4*s - 5. Let r be (s/(-4))/((-5)/20). Suppose 0 = f - r*f + 21. Calculate the greatest common factor of f and 3.
3
Let l = 4 - 4. Suppose 5*f - 15 = l, 0 = h + h - 3*f - 21. Let i = 13 - 10. What is the greatest common factor of i and h?
3
L